{"id":224,"date":"2016-02-16T20:29:27","date_gmt":"2016-02-16T20:29:27","guid":{"rendered":"http:\/\/bybconstrucciones.com\/?page_id=224"},"modified":"2016-03-14T19:39:27","modified_gmt":"2016-03-14T19:39:27","slug":"pavimentacion","status":"publish","type":"page","link":"https:\/\/bybconstrucciones.com\/?page_id=224","title":{"rendered":"Pavimentaci\u00f3n"},"content":{"rendered":"<div class=\"pagebody\">\n<div class=\"ctsc-column ctsc-col3\">\n<p><strong>PRODUCCI\u00d3N Y CONSTRUCCI\u00d3N DE CARPETA ASF\u00c1LTICA<\/strong><br \/>\nPlanta Asf\u00e1ltica AMMANN PRIME 140<br \/>\nPavimentadora VOGELE 2100-3<br \/>\nCompactador Doble Liso AMMANN AV 110<br \/>\nCompactador Neum\u00e1tico AMMANN AP240<br \/>\nBarredora Sopladora BROCE<br \/>\nCami\u00f3n Regador de Asf\u00e1lto LDA6000<br \/>\nGenerador de 350 KWA CATERPILLAR<br \/>\nPlanta Mezcladora de Agregados de 500 Tn\/h<\/p>\n<\/div><div class=\"ctsc-column ctsc-col3\">\n\n<\/div><div class=\"ctsc-column ctsc-col3 ctsc-col-last\">\n<\/div><div class=\"col-divide\"><\/div><\/p>\n<p>&nbsp;<\/p>\n<p style=\"text-align: center;\"><a class=\"ctsc-button ctsc-button-medium ctsc-button-none  \" href=\"http:\/\/bybconstrucciones.com\/?page_id=209\" style=\" background:#666666;\r\n\t\t\t\tbackground:-moz-linear-gradient(top, #666666 0%, #747373 100%);\r\n\t\t\t\tbackground:-webkit-linear-gradient(top, #666666 0%, #747373 100%); \r\n\t\t\t\tbackground:linear-gradient(to bottom, #666666 0%, #747373 100%);\r\n\t\t\t\tfilter:progid:DXImageTransform.Microsoft.gradient(startColorstr='#666666', endColorstr='#747373',GradientType=0); color:#facf38;\"><span class=\"ctsc-button-content\"><span class=\"ctsc-button-text\">Prefabricados<\/span><\/span><\/a> <a class=\"ctsc-button ctsc-button-medium ctsc-button-none  \" href=\"http:\/\/bybconstrucciones.com\/?page_id=220\" style=\" background:#666666;\r\n\t\t\t\tbackground:-moz-linear-gradient(top, #666666 0%, #747373 100%);\r\n\t\t\t\tbackground:-webkit-linear-gradient(top, #666666 0%, #747373 100%); \r\n\t\t\t\tbackground:linear-gradient(to bottom, #666666 0%, #747373 100%);\r\n\t\t\t\tfilter:progid:DXImageTransform.Microsoft.gradient(startColorstr='#666666', endColorstr='#747373',GradientType=0); color:#facf38;\"><span class=\"ctsc-button-content\"><span class=\"ctsc-button-text\">Movimiento de Suelo<\/span><\/span><\/a> <a class=\"ctsc-button ctsc-button-medium ctsc-button-none  \" href=\"http:\/\/bybconstrucciones.com\/?page_id=224\" style=\" background:#151414;\r\n\t\t\t\tbackground:-moz-linear-gradient(top, #151414 0%, #444444 100%);\r\n\t\t\t\tbackground:-webkit-linear-gradient(top, #151414 0%, #444444 100%); \r\n\t\t\t\tbackground:linear-gradient(to bottom, #151414 0%, #444444 100%);\r\n\t\t\t\tfilter:progid:DXImageTransform.Microsoft.gradient(startColorstr='#151414', endColorstr='#444444',GradientType=0); color:#F59A0A;\"><span class=\"ctsc-button-content\"><span class=\"ctsc-button-text\">Pavimentaci\u00f3n<\/span><\/span><\/a> <a class=\"ctsc-button ctsc-button-medium ctsc-button-none  \" href=\"http:\/\/bybconstrucciones.com\/?page_id=229\" style=\" background:#666666;\r\n\t\t\t\tbackground:-moz-linear-gradient(top, #666666 0%, #747373 100%);\r\n\t\t\t\tbackground:-webkit-linear-gradient(top, #666666 0%, #747373 100%); \r\n\t\t\t\tbackground:linear-gradient(to bottom, #666666 0%, #747373 100%);\r\n\t\t\t\tfilter:progid:DXImageTransform.Microsoft.gradient(startColorstr='#666666', endColorstr='#747373',GradientType=0); color:#facf38;\"><span class=\"ctsc-button-content\"><span class=\"ctsc-button-text\">Trituraci\u00f3n<\/span><\/span><\/a> <a class=\"ctsc-button ctsc-button-medium ctsc-button-none  \" href=\"http:\/\/bybconstrucciones.com\/?page_id=236\" style=\" background:#666666;\r\n\t\t\t\tbackground:-moz-linear-gradient(top, #666666 0%, #747373 100%);\r\n\t\t\t\tbackground:-webkit-linear-gradient(top, #666666 0%, #747373 100%); \r\n\t\t\t\tbackground:linear-gradient(to bottom, #666666 0%, #747373 100%);\r\n\t\t\t\tfilter:progid:DXImageTransform.Microsoft.gradient(startColorstr='#666666', endColorstr='#747373',GradientType=0); color:#facf38;\"><span class=\"ctsc-button-content\"><span class=\"ctsc-button-text\">Transporte<\/span><\/span><\/a> <a class=\"ctsc-button ctsc-button-medium ctsc-button-none  \" href=\"http:\/\/bybconstrucciones.com\/?page_id=244\" style=\" background:#666666;\r\n\t\t\t\tbackground:-moz-linear-gradient(top, #666666 0%, #747373 100%);\r\n\t\t\t\tbackground:-webkit-linear-gradient(top, #666666 0%, #747373 100%); \r\n\t\t\t\tbackground:linear-gradient(to bottom, #666666 0%, #747373 100%);\r\n\t\t\t\tfilter:progid:DXImageTransform.Microsoft.gradient(startColorstr='#666666', endColorstr='#747373',GradientType=0); color:#facf38;\"><span class=\"ctsc-button-content\"><span class=\"ctsc-button-text\">Equipos Menores<\/span><\/span><\/a><\/p>\n<\/div>\n","protected":false},"excerpt":{"rendered":"<p>&nbsp;<\/p>\n","protected":false},"author":1,"featured_media":0,"parent":0,"menu_order":0,"comment_status":"closed","ping_status":"closed","template":"","meta":{"footnotes":""},"class_list":["post-224","page","type-page","status-publish","hentry"],"_links":{"self":[{"href":"https:\/\/bybconstrucciones.com\/index.php?rest_route=\/wp\/v2\/pages\/224","targetHints":{"allow":["GET"]}}],"collection":[{"href":"https:\/\/bybconstrucciones.com\/index.php?rest_route=\/wp\/v2\/pages"}],"about":[{"href":"https:\/\/bybconstrucciones.com\/index.php?rest_route=\/wp\/v2\/types\/page"}],"author":[{"embeddable":true,"href":"https:\/\/bybconstrucciones.com\/index.php?rest_route=\/wp\/v2\/users\/1"}],"replies":[{"embeddable":true,"href":"https:\/\/bybconstrucciones.com\/index.php?rest_route=%2Fwp%2Fv2%2Fcomments&post=224"}],"version-history":[{"count":8,"href":"https:\/\/bybconstrucciones.com\/index.php?rest_route=\/wp\/v2\/pages\/224\/revisions"}],"predecessor-version":[{"id":317,"href":"https:\/\/bybconstrucciones.com\/index.php?rest_route=\/wp\/v2\/pages\/224\/revisions\/317"}],"wp:attachment":[{"href":"https:\/\/bybconstrucciones.com\/index.php?rest_route=%2Fwp%2Fv2%2Fmedia&parent=224"}],"curies":[{"name":"wp","href":"https:\/\/api.w.org\/{rel}","templated":true}]}}