{"id":66,"date":"2015-10-07T04:13:53","date_gmt":"2015-10-07T04:13:53","guid":{"rendered":"http:\/\/bybconstrucciones.com\/?page_id=66"},"modified":"2016-03-15T14:22:29","modified_gmt":"2016-03-15T14:22:29","slug":"obra-santa-rosa-del-aguaray-capitan-bado-42-km","status":"publish","type":"page","link":"https:\/\/bybconstrucciones.com\/?page_id=66","title":{"rendered":"MINER\u00cdA."},"content":{"rendered":"<div class=\"pagebodymineria\"><div class=\"ctsc-column ctsc-col3\">&nbsp;<\/p>\n<p><strong>MINER\u00cdA.<\/strong><br \/>\nEn la actualidad contamos con 4 canteras de roca bas\u00e1ltica con un potencial de mas de 15 millones de toneladas, en diferentes puntos del Pa\u00eds, abarcando una gran \u00e1rea de influencia.<br \/>\nNuestros productos se clasifican en:<br \/>\nPiedra Triturada 4ta (1&#8243; &#8211; \u00be\u201d)<br \/>\nPiedra Triturada 5ta (3\/4&#8243; &#8211; 1\/4\u201c)<br \/>\nPiedra Triturada 6ta (1\/4&#8243; &#8211; 0\u201c)<br \/>\nPiedra Cero<br \/>\nPiedra Bruta<br \/>\nGranulometr\u00eda especial seg\u00fan requerimiento.<br \/>\nContamos con tres l\u00edneas de trituraci\u00f3n m\u00f3vil de alto rendimiento, perforadores de roca y equipos de log\u00edstica de carga y transporte especializado.<br \/>\nEn este mismo sector, ofrecemos servicios de:<br \/>\nPerforaci\u00f3n en roca.<br \/>\nManejo de explosivos y voladura.<br \/>\nCorte en roca para el sector vial.<br \/>\nTrituraci\u00f3n in situ.<br \/>\nPara consultas y presupuestos puede <a href=\"http:\/\/bybconstrucciones.com\/?page_id=75\">contactarnos<\/a> y con mucho gusto atenderemos su pedido.<\/p>\n<\/div><div class=\"ctsc-column ctsc-col3\">\n\n<\/div><div class=\"ctsc-column ctsc-col3 ctsc-col-last\">\n<\/div><div class=\"col-divide\"><\/div><\/p>\n<\/div>\n","protected":false},"excerpt":{"rendered":"","protected":false},"author":1,"featured_media":0,"parent":0,"menu_order":0,"comment_status":"closed","ping_status":"closed","template":"","meta":{"footnotes":""},"class_list":["post-66","page","type-page","status-publish","hentry"],"_links":{"self":[{"href":"https:\/\/bybconstrucciones.com\/index.php?rest_route=\/wp\/v2\/pages\/66","targetHints":{"allow":["GET"]}}],"collection":[{"href":"https:\/\/bybconstrucciones.com\/index.php?rest_route=\/wp\/v2\/pages"}],"about":[{"href":"https:\/\/bybconstrucciones.com\/index.php?rest_route=\/wp\/v2\/types\/page"}],"author":[{"embeddable":true,"href":"https:\/\/bybconstrucciones.com\/index.php?rest_route=\/wp\/v2\/users\/1"}],"replies":[{"embeddable":true,"href":"https:\/\/bybconstrucciones.com\/index.php?rest_route=%2Fwp%2Fv2%2Fcomments&post=66"}],"version-history":[{"count":11,"href":"https:\/\/bybconstrucciones.com\/index.php?rest_route=\/wp\/v2\/pages\/66\/revisions"}],"predecessor-version":[{"id":332,"href":"https:\/\/bybconstrucciones.com\/index.php?rest_route=\/wp\/v2\/pages\/66\/revisions\/332"}],"wp:attachment":[{"href":"https:\/\/bybconstrucciones.com\/index.php?rest_route=%2Fwp%2Fv2%2Fmedia&parent=66"}],"curies":[{"name":"wp","href":"https:\/\/api.w.org\/{rel}","templated":true}]}}