{"id":91,"date":"2015-10-08T16:18:23","date_gmt":"2015-10-08T16:18:23","guid":{"rendered":"http:\/\/bybconstrucciones.com\/?page_id=91"},"modified":"2016-02-08T19:39:46","modified_gmt":"2016-02-08T19:39:46","slug":"cantera-caazapa-2","status":"publish","type":"page","link":"https:\/\/bybconstrucciones.com\/?page_id=91","title":{"rendered":"INDUSTRIALIZACI\u00d3N DE PROCESOS."},"content":{"rendered":"<p><div class=\"ctsc-column ctsc-col2\">\n<strong>INDUSTRIALIZACI\u00d3N DE PROCESOS.<\/strong><\/p>\n<p>Para asegurar el mayor nivel de calidad,<strong> B&amp;B S.A.<\/strong> apuesta por la automatizaci\u00f3n en la producci\u00f3n de suelos estabilizados, producci\u00f3n de \u00e1ridos, mezclas granulares estabilizadas, concreto asf\u00e1ltico y hormig\u00f3n hidr\u00e1ulico.<\/p>\n<p>Invirtiendo en la formaci\u00f3n y capacitaci\u00f3n de nuestra gente y en tecnolog\u00eda de punta para cada etapa de los procesos constructivos, hemos realizado alianzas estrat\u00e9gicas con marcas como <strong>AMMANN<\/strong>, <strong>GRUPO WIRTGEN<\/strong>,<strong> TEREX<\/strong> y <strong>CATTERPILLAR<\/strong>, innovando en el mercado y proyectando un futuro seguro.<\/p>\n<p>As\u00ed tambi\u00e9n el control de calidad de los productos es llevado a cabo en todo momento, cumpliendo con todas las normas y especificaciones t\u00e9cnicas exigidas.<\/p>\n<p>Ante todo, buscamos brindar un servicio seguro y confiable para tranquilidad de nuestros clientes.<\/p>\n<\/div><div class=\"ctsc-column ctsc-col2 ctsc-col-last\">\n<div><\/div>\n<\/div><div class=\"col-divide\"><\/div><\/p>\n","protected":false},"excerpt":{"rendered":"","protected":false},"author":1,"featured_media":0,"parent":0,"menu_order":0,"comment_status":"closed","ping_status":"closed","template":"","meta":{"footnotes":""},"class_list":["post-91","page","type-page","status-publish","hentry"],"_links":{"self":[{"href":"https:\/\/bybconstrucciones.com\/index.php?rest_route=\/wp\/v2\/pages\/91","targetHints":{"allow":["GET"]}}],"collection":[{"href":"https:\/\/bybconstrucciones.com\/index.php?rest_route=\/wp\/v2\/pages"}],"about":[{"href":"https:\/\/bybconstrucciones.com\/index.php?rest_route=\/wp\/v2\/types\/page"}],"author":[{"embeddable":true,"href":"https:\/\/bybconstrucciones.com\/index.php?rest_route=\/wp\/v2\/users\/1"}],"replies":[{"embeddable":true,"href":"https:\/\/bybconstrucciones.com\/index.php?rest_route=%2Fwp%2Fv2%2Fcomments&post=91"}],"version-history":[{"count":8,"href":"https:\/\/bybconstrucciones.com\/index.php?rest_route=\/wp\/v2\/pages\/91\/revisions"}],"predecessor-version":[{"id":149,"href":"https:\/\/bybconstrucciones.com\/index.php?rest_route=\/wp\/v2\/pages\/91\/revisions\/149"}],"wp:attachment":[{"href":"https:\/\/bybconstrucciones.com\/index.php?rest_route=%2Fwp%2Fv2%2Fmedia&parent=91"}],"curies":[{"name":"wp","href":"https:\/\/api.w.org\/{rel}","templated":true}]}}